t is divided by k.
16
Let b(j) = j**2 + 9*j - 33. Let r be b(-12). Let u(k) = 4*k**2 + 12*k - 7. Calculate the remainder when 189 is divided by u(r).
59
Let i be (11/2)/(-3 + (-86)/(-28)). Let c = -59 + i. Calculate the remainder when 160 is divided by c.
16
Let k(g) = 2*g**2 - g + 4. Suppose -1 = -z + r, -3*r - 27 = -z + 4*z. What is the remainder when k(z) is divided by 26/((-17)/(1530/(-195)))?
4
Let t = 707437 + -707431. Let g = 297 - 173. Calculate the remainder when g is divided by t.
4
Let d = -5966 - -7537. What is the remainder when d is divided by 4?
3
Let t be 1*11*(3 - 4). Let j = t + 53. Calculate the remainder when j is divided by (-22)/((-572)/585) + (-2)/4.
20
Suppose -87*n - 32 = -3*q - 88*n, 3*n + 72 = 5*q. Let t(x) = -x**3 - x**2 + x + 1. What is the remainder when t(-4) is divided by q?
9
Let l = -229 - -336. Calculate the remainder when 4276 is divided by l.
103
Let s(a) = 2*a**2 - 152*a + 1020. Calculate the remainder when 268 is divided by s(69).
52
Suppose 29*r + 433 - 1970 = 0. Let n(t) = 3*t**2 - 8*t - 5. Calculate the remainder when r is divided by n(4).
9
Suppose -95*b = -92*b - 72. Let a be -3 + (12/b)/(2/12). Let u(g) = -g**3 - g**2 - g + 25. What is the remainder when 72 is divided by u(a)?
22
Let c = 261 - 200. Suppose -8 = 4*q - 2*g - 62, q - 26 = 3*g. Let v = q + c. What is the remainder when v is divided by 25?
22
Let x be (-3 + 12/4)/1. Suppose -3*b + 95 + 16 = x. Suppose -300 = -5*q + 435. What is the remainder when q is divided by b?
36
Suppose o = 4*v - 1714, 5*v - 1924 = -3*o + 210. Calculate the remainder when v is divided by 107.
0
Suppose 0*s + 2*c - 10 = -3*s, 0 = 4*c - 8. Suppose -2*r + s*q = -2*q - 30, 30 = 2*r + 2*q. Calculate the remainder when r is divided by -1 - (-2 - -3) - -12.
5
Let x = 251 + -259. What is the remainder when 147 is divided by ((-248)/(-16))/(-2*2/x)?
23
Let d(y) = -4*y - 2. Suppose 2520 = 17434*a - 17378*a. What is the remainder when a is divided by d(-3)?
5
Let p(z) = -10*z + 49. Let s be p(23). Let y = -177 - s. Calculate the remainder when 10 is divided by y.
2
Suppose -19*z = -2260 - 2319. Let j = z + -214. Calculate the remainder when 241 is divided by j.
25
Suppose -20 = -3*c + 10. Let d(v) = -35902 - v**3 + 2*v**3 + 35921 + 3*v - 5*v**2. Calculate the remainder when d(4) is divided by c.
5
Let x(l) = -l**2 + l - 3. Let j be x(-2). Let r be 3*(480/j + 0). Calculate the remainder when ((-15)/(-4))/((-24)/r) is divided by 7.
4
Let r = 971 + -909. What is the remainder when 2662 is divided by r?
58
Let b be (6 - 216/30)/(4/(-30)). Let d(y) = 2*y**2 - 10*y - 9. Let z = -20 + 36. Calculate the remainder when d(b) is divided by z.
15
Suppose -3*r + 14*r = 319. What is the remainder when 123 is divided by r?
7
Suppose 0 = 164*c - 229*c + 255710. Calculate the remainder when c is divided by 164.
162
Suppose 2*t - 3*o - 72 = 0, 0 = 330*o - 325*o - 30. What is the remainder when 462 is divided by t?
12
Let o = -233 - -221. Let n = 225 + -147. Calculate the remainder when n is divided by 66/(-24) - (-9)/12 - o.
8
Suppose 95*m = 1418 + 2002. Suppose -15 - 25 = -4*y. Calculate the remainder when m is divided by y.
6
Suppose 2*j + 2*t + 0 - 38 = 0, -5*t - 165 = -5*j. Let m = 45 - -45. Calculate the remainder when m is divided by j.
12
Let g = 37 - 40. Let p be (g - (-30)/5) + 9/(-3). Suppose p = -5*y + 357 + 58. Calculate the remainder when y is divided by 14.
13
Suppose 61 = 4*j + 3*m, -2*m - 10 = -4*j + 56. Suppose 3*z + 5*i - 530 = 0, 2*i - j = -2*i. What is the remainder when z is divided by 19?
18
Let q be 20/35 - (-5300)/35. Suppose 2*c = 6*c - q. Calculate the remainder when 67 is divided by c.
29
Suppose -5*o - 120 + 560 = 0. Suppose -9*g + o = -5*g. Let y = -16 + 30. Calculate the remainder when g is divided by y.
8
Calculate the remainder when 108 is divided by 96446/830 - (-1)/(-5) - 8.
0
Let t be 19*-1 - (-5 + (0 - -1)). Let v(i) = -7*i - 9. What is the remainder when -5 - (t - 2)*6 is divided by v(-6)?
31
Let o(c) = c**2 + 5*c - 102. Let n be o(8). Suppose 2*z - w = -5*w + 114, 0 = n*z - 4*w - 106. Calculate the remainder when z is divided by 16.
7
Let z be 26/(-299) - (-2256)/23. Suppose -44 = -z*a + 94*a. Calculate the remainder when a is divided by 7.
4
Suppose -12*g + 6*g = 21*g - 2079. Calculate the remainder when 1384 is divided by g.
75
Suppose -3*p - 156 = -3*c, -4*p + 8 = 2*c - 126. Suppose -6*z + c = -39. Calculate the remainder when 61 is divided by z.
13
Let h(i) = -44*i + 1. Let z(x) = 45*x - 2. Let q(w) = 6*h(w) + 7*z(w). What is the remainder when 124 is divided by q(1)?
38
Suppose 7*w + 1183 = -798. Let m = w + 319. Calculate the remainder when m is divided by 10.
6
Let r(z) = 12*z**2 - 7*z. Suppose 0 = -0*w + w - 3. Let b(o) = 4*o + 5. Calculate the remainder when r(w) is divided by b(10).
42
Suppose b = -4*x - 93, -2*x - 5*b = -0*b + 69. Let p = 5 - x. Suppose -i + 5*m + 31 = 0, m - 33 = -3*i - 4. What is the remainder when p is divided by i?
5
Let q(n) = -14*n + 146. Let b(o) = 6*o - 73. Let z(y) = 9*b(y) + 4*q(y). Calculate the remainder when z(-48) is divided by 6.
5
Suppose 29*b - 35*b = 24. Let y be -3 + (10 - (1 + b)). Suppose 0 = y*q + 6 - 376. Calculate the remainder when q is divided by 8.
5
Let j = -2456 + 2558. Let i = 12 - 10. Suppose 20 = 5*n, 3*n - 68 = -i*v - n. What is the remainder when j is divided by v?
24
Let w(t) = 100*t - 685. What is the remainder when w(9) is divided by 57?
44
Suppose 0 = -251*h + 222*h + 2014 - 187. Calculate the remainder when 185 is divided by h.
59
Suppose 0 = 3*u + 9*u. Let b(d) = -d**2 + 2*d - 2. Let g be b(u). Let t(s) = s + 12. Calculate the remainder when 58 is divided by t(g).
8
Let d(i) = i - 4. Let p be d(13). Suppose -9 = -3*u - 4*s, -3*u + 4*s = 2*s - p. Calculate the remainder when 45 is divided by 8*(-5)/(-10) + u.
3
Let d = -12344 - -12463. What is the remainder when 1066 is divided by d?
114
Let q = 16175 + -16072. Calculate the remainder when 356 is divided by q.
47
Suppose -2*c - c - 78 = -t, -4*c = -2*t + 150. Calculate the remainder when t is divided by -2 - ((-60)/100 + 102/(-5)).
12
Let n be (-4 + (9 - 5))*(-2)/(-4). What is the remainder when 74 is divided by 1 - n - 6/(12/(-50))?
22
Suppose 12*v - 27742 = -33*v + 169268. What is the remainder when v is divided by 30?
28
Let u(k) = -6*k**3 - 2*k**2 - 2*k. Suppose 0 = -19*l + 20*l - 9. Suppose l*f - 253 = -2*f. Calculate the remainder when u(-2) is divided by f.
21
Let s = 4894 + -4889. What is the remainder when 72 is divided by s?
2
Suppose 0 = -72*v + 89*v - 204. Calculate the remainder when 101 is divided by v.
5
Let r = -29882 - -35695. Calculate the remainder when r is divided by 57.
56
Let w(z) = -z**3 + 25*z**2 - 25*z + 24. Let s be w(24). Suppose s = 5*y + 4*i - 91, -5*y + i + 77 = -y. Calculate the remainder when 35 is divided by y.
16
Let f be ((-7)/2)/(18/20 - 1). Suppose -f = -6*z - z. Suppose 35 = h + 5*o - 0*o, 2*o - 106 = -z*h. Calculate the remainder when h is divided by 7.
6
Let d(o) = -o**3 - o**2 + 55. Suppose -4*n - 3*s = 9, -3*s + 9 = -2*n - 6*s. Suppose n = 308*f - 318*f + 300. What is the remainder when d(0) is divided by f?
25
Suppose -136 = 408*s - 416*s. Calculate the remainder when 1222 is divided by s.
15
Suppose 179 = c + 175. Suppose c*z + 5*z = 2691. What is the remainder when z is divided by 25?
24
Suppose -269*a - 6028 + 85652 = 0. Calculate the remainder when 936 is divided by a.
48
Let y(u) = -u**2 + 6*u + 16. Let t be y(8). Suppose -2*g + t + 8 = 0. Let l = 13 - g. What is the remainder when l is divided by 6?
3
Suppose 6800 = 58*m + 42*m. What is the remainder when m is divided by (-380)/(-14) + (-2)/14?
14
What is the remainder when 8004 is divided by (7 - 252/35) + 3644/20?
178
Suppose 2*b + 15 = 7*b. Suppose -d - m - 12 = m, -b*m = -d - 37. Let j = 33 + d. Calculate the remainder when 40 is divided by j.
7
Let m = 4409 + -4146. What is the remainder when m is divided by 66?
65
Let t(i) = i**2 + 6. Suppose -3*r + 132 = 3*q, -1750*q = -1755*q + r + 202. Calculate the remainder when q is divided by t(5).
10
Calculate the remainder when (-12 - 269)/((4 - 2 - 0)/(-2)) is divided by 93.
2
Let k = -1161 + 1273. Calculate the remainder when 172 is divided by k.
60
Suppose 4*y + 1144 = 1400. Let o = -2